composite?
False
Suppose x + 3*n + 5 = 0, x + 4*n = -3*x + 4. Let s be (2/4)/(2/x). Is (201/(-6)*-2)/s a composite number?
False
Suppose 5*f = -5*j + 1895, -3*f - j - 3*j = -1135. Suppose 2*v = -v + f. Is v composite?
False
Let n be 5 - (-1)/(3/(-6)). Suppose -7 = n*f - 37. Is f/35 - (-145)/7 composite?
True
Let k = 228 + -45. Is k composite?
True
Let g(z) = -z**2 + 7*z - 2. Suppose -5*c + 24 = -c. Let x be g(c). Let n = 2 + x. Is n a prime number?
False
Let i = 18 + -11. Suppose 3*w = i*w. Suppose -2*j - f + 25 = w, 3*j - 29 = 5*f + 15. Is j composite?
False
Let d be (6/(-8))/(3/156). Let a be (-1)/1*(0 + d). Suppose -2*x = x - a. Is x a prime number?
True
Suppose 0 = -2*v - 3*r + 1 - 12, -3*r = -2*v + 7. Suppose 5*u = y + 10, -3*y - 10 = -y. Is (-2 - v)*u*-7 a composite number?
False
Let p be (-354)/4*(5 + -7). Suppose 0*z + 4*z + p = 5*b, -4*b + 3*z + 142 = 0. Is b prime?
True
Let g(p) = -p**3 - 7*p**2 + 9*p + 4. Let l be g(-8). Is l/(-10) + 340/25 a prime number?
False
Let m(k) = 6*k**2 - 10*k - 5. Let n(y) = -7*y**2 + 10*y + 4. Let x(h) = -6*m(h) - 5*n(h). Is x(7) a prime number?
True
Let b = 2 - -2. Suppose b*t - 9*r = -4*r + 117, 5*t + 4*r - 95 = 0. Suppose 0 = 4*u - 5*j - 40, 3*u - 2*j - t = 14. Is u prime?
False
Is (307/4)/(2/8) prime?
True
Is (-2609)/((5 + -6)*(0 + 1)) a prime number?
True
Is 8/52 - (-8810)/26 prime?
False
Suppose 4*u + 37 = 3*g, 3*g - 53 + 9 = 5*u. Let k(t) = t**3 + 7*t**2 + 6. Let q be k(u). Suppose -2*f + q*f = 84. Is f a prime number?
False
Suppose 62 = k + 26. Let q = 19 + k. Is q a prime number?
False
Let b = 133 - 210. Is (b/(-14))/(1/14) a prime number?
False
Let a = -270 + 420. Suppose 3*h + 2*p = a, 5*h - p - 234 = p. Let v = h + -29. Is v a composite number?
False
Suppose 2*c + w + 419 = 5*c, 2*c - 2*w - 286 = 0. Suppose -4*x = -2*h - 0*h - c, 0 = -2*x - h + 63. Suppose 3*m - 4*m = -x. Is m prime?
False
Let h = 349 + 1960. Is h prime?
True
Let x = 3 + 2. Suppose -3*r - 5 = x*s - r, -4*s + 3*r - 27 = 0. Is (s - (0 + -2))*-39 composite?
True
Suppose -9*g + 13*g = 764. Is g composite?
False
Let n be ((-3)/9)/(2/438). Let b = n + 130. Is b composite?
True
Let d(q) = -q**3 + 4*q**2 - 2*q - 1. Let p be d(2). Let i = p - 3. Suppose i*y + y = 2*j + 41, -9 = -3*j. Is y composite?
False
Let v(x) = -3*x - 10. Let q be v(-5). Suppose -m - 2*m + q*a = -746, 4*m = 2*a + 1018. Is m a prime number?
True
Let o(j) = 2*j**2 - 11. Is o(-14) prime?
False
Let j(o) be the third derivative of -o**5/60 + 11*o**4/24 - 5*o**3/6 + o**2. Let z(g) = -2*g. Let c be z(-4). Is j(c) prime?
True
Suppose 0 = k + 12*k - 10439. Is k composite?
True
Is (-3)/(-12) + (-588)/(-16) a prime number?
True
Suppose -3*m - 3*g = -216, -3 = -2*m + 3*g + 116. Is m composite?
False
Suppose -5*r - 538 = -7*r. Is r a prime number?
True
Let s be 1 + (-3)/(-6)*-2. Suppose 5*p + 3*r + r = 892, 2*p - 2*r - 364 = s. Let w = p + -125. Is w prime?
False
Suppose -2*p + 614 = 3*u, -3*u - 2*u = -2*p + 614. Is p prime?
True
Let u = 186 + -17. Is u prime?
False
Let c = 6 - 3. Suppose 4*p + 1 = 17, c*r - 5*p = -11. Is r a prime number?
True
Suppose 332 = 5*t + 22. Is t a composite number?
True
Is (-1)/3 - 400/(-12) composite?
True
Suppose -b - b = 0. Suppose m - 4*v - 119 = 0, b = -0*v - 2*v. Is m prime?
False
Let f = 403 + -134. Is f prime?
True
Let r = 10 + 139. Is r prime?
True
Suppose 0 = -2*r + 5*d - 59, 4*r - 2*d = -0*r - 78. Let h = r - -50. Is h a composite number?
True
Let a be (12/6)/((-2)/(-3)). Suppose y = -a*y + 4, -4*n - 2*y = -1062. Is n a composite number?
True
Let k = -1751 + 2871. Suppose 4*q = -3*s + k, -4*s - 295 = -q - s. Suppose 23 = -4*x + q. Is x a composite number?
True
Let t = 17 + -31. Let d = 5 - t. Suppose d = m + 5. Is m a prime number?
False
Let b(x) = -x**3 + 7*x**2 + 2. Let i be b(7). Suppose -4*t = -i*t - 194. Is t prime?
True
Is (2 - 267)/(0 - 1) composite?
True
Suppose -1 - 119 = -4*p. Suppose -p + 10 = -4*m. Suppose -f + 38 = m*l, -3*f + 6*l = l - 94. Is f a composite number?
True
Let z(w) = -45*w**2 - 2*w - 1. Let q be z(-2). Let j be (-23)/(4 - (-38)/(-10)). Let f = j - q. Is f composite?
True
Suppose 345 = 2*j - 5*j. Let l = j - -212. Is l a prime number?
True
Let k be -1 - 0*(2 - 1). Let x be 2 + -5 - k - -862. Suppose -4*h - c = -x - 145, 3*c = h - 248. Is h prime?
True
Is 234/(-27)*654/(-4) a prime number?
False
Suppose 14 = 5*t + 34. Is (-726)/(-9)*(-6)/t prime?
False
Let u(x) = 79*x + 2. Let a be u(-2). Let h = a + 283. Is h a composite number?
False
Suppose -357 = -r - 2*r. Is r prime?
False
Suppose -7*k = 9902 - 35361. Is k a composite number?
False
Suppose 0 = 5*d + 3*q - 569, -3*d = -5*q - 13 - 342. Let b be (-2 - (-1 + 0))/1. Is -3 - b - (-2 - d) a composite number?
True
Suppose j + 108 = 443. Suppose -m + 5*c + 353 = 0, 0 = m - 4*c + 8*c - j. Suppose 5*l - m = -3*y, -y - 4*y + 5*l = -625. Is y a composite number?
True
Let w = 6 - 3. Suppose 2*b + w = -3*o - 6, -16 = 2*o - 2*b. Let z(h) = -6*h - 7. Is z(o) a prime number?
True
Let c be 10 - (-3 + 11)/2. Suppose 0 = -4*z + c*z - 254. Is z a composite number?
False
Let m(l) = 193*l**3 - l**2 - 4*l + 3. Is m(2) prime?
False
Let z = -73 + 152. Is z a composite number?
False
Suppose -4*v + 5 = -4*q - 2871, 2*q = -v + 719. Is v prime?
True
Suppose 7 = -3*x + 4*x. Suppose 0 = 2*n - j + 153, -4*j - 5 - x = 0. Let f = n + 133. Is f a prime number?
False
Let x(j) = -69*j**2 - j + 2. Let a be x(2). Let i = a - -412. Suppose -3*m - 5*b = -104, 4*m - b = -5*b + i. Is m a prime number?
False
Let f(x) = 35*x**2 + 11*x + 11. Is f(6) a prime number?
False
Is 2/(-4)*(-500 - 2) composite?
False
Suppose -3*c + 19353 = 4*u + 2*c, 0 = 4*c - 4. Is u composite?
True
Let m be (-10)/(1 - 0 - 3). Suppose 7 = 5*u + h, 7 + 10 = u - m*h. Suppose 0 = -4*s - 4*f + 5*f + 75, 0 = -u*s - 2*f + 40. Is s prime?
True
Let w(z) = z**2 - 14*z - 11. Is w(-22) a composite number?
True
Let o = -3 + 5. Suppose 0 = -o*f - 3*i + 107, -5*f = -0*f + 2*i - 273. Is f composite?
True
Suppose 3*m - 3*i - 952 - 803 = 0, -2*m - 3*i + 1150 = 0. Is m composite?
True
Suppose 5*q + 12 = 3*q - f, 5*q + 31 = -2*f. Let l(v) be the first derivative of -4*v**2 - 3*v + 2. Is l(q) a composite number?
False
Suppose -2*x - 5*x = -777. Is x composite?
True
Let m be (-3)/(-2)*112/(-21). Is (-326)/(-6) - m/12 a prime number?
False
Suppose -5*g + g = 0. Suppose 2*z = -0*z - 5*x + 90, g = -4*x - 16. Is z a prime number?
False
Is 4 + (1 + 3 - -103) composite?
True
Let h(t) be the third derivative of -2*t**2 + 0*t + 1/6*t**3 + 0 - 11/24*t**4. Is h(-2) a composite number?
False
Let z = -19 - -84. Let s = z - 10. Is s a prime number?
False
Let v be (0/(2/(-2)))/(-2). Suppose -2*s - 64 = -5*w, v = w - 2*s - 8 - 8. Suppose 2*g - r = -6*r + 34, 4*r + w = 4*g. Is g composite?
False
Suppose 5*k = -0*f - 3*f + 19, 18 = 4*f + 3*k. Suppose 10 = d - f*d, -3*d + 1621 = 4*l. Suppose 0 = -5*g + 3*s + l, -3*g + 257 = s + 3*s. Is g prime?
True
Let q(h) = -h**2 + 6*h - 3. Let j be q(4). Suppose 4 = -j*a + 9, 818 = 5*t + 3*a. Is t prime?
True
Let w = -67 - -102. Suppose -170 = -5*d + 5. Suppose -2*s + w + d = 0. Is s a composite number?
True
Let i(o) = -o**3 + 15*o**2 + 5*o + 10. Is i(9) prime?
True
Let o = 571 + 108. Is o prime?
False
Let x be 1/((-2)/(-6)) - -63. Suppose 3*j - x = 3*c, 4*j = 3*c - 0*c + 89. Is j composite?
False
Let u = -36 + 71. Is u a composite number?
True
Suppose -4*z + 1 = 3*t - 0, 4*z - 2 = -2*t. Let r be (-1)/(-1)*-5 - t. Is r/5*(-65)/2 a prime number?
False
Let l be 3 - (53 + 3 + -2). Let q = 26 - l. Is q prime?
False
Let p(l) be the second derivative of l**7/1260 + 7*l**6/720 - l**5/40 + l**4/4 + 3*l. Let i(v) be the third derivative of p(v). Is i(6) prime?
False
Suppose -3*i - w + 113 = -i, -3*i - 5*w + 159 = 0. Suppose -5*u + 152 = 3*t, -u - 4*t + i = u. Is u a composite number?
False
Let u = 3 + -1. Is (-972)/(-28) + u/7 a composite number?
True
Let j(a) = -a**3 + 13*a**2 + 10*a - 17. Is j(13) prime?
True
Let p(d) = 5*d - 1. Let l(r) = -2*r + 1. Let u be l(-2). Suppose 5*f - g = 13, u*f = -0*f - 3*g + 21. Is p(f) composite?
True
Let z(w) = w**2 + 2*w - 3. Let a be z(2). Let t = -2 + a. Suppose -4*b + 15 = -d + 2*d, 0 = 2*d - t*b - 52. Is d prime?
True
Suppose -2 = g - 7. Suppose -g*h = -a + 45, a + 0*a + 35 = -5*h. Is h/28 - (-1